he prime factors of 6142?
2, 37, 83
List the prime factors of 902.
2, 11, 41
List the prime factors of 1437.
3, 479
List the prime factors of 41678.
2, 7, 13, 229
What are the prime factors of 96187?
7, 13, 151
What are the prime factors of 13826?
2, 31, 223
List the prime factors of 9202.
2, 43, 107
What are the prime factors of 103504?
2, 6469
What are the prime factors of 50418?
2, 3, 2801
What are the prime factors of 6827?
6827
What are the prime factors of 2279?
43, 53
List the prime factors of 11236.
2, 53
List the prime factors of 345.
3, 5, 23
List the prime factors of 348.
2, 3, 29
List the prime factors of 65272.
2, 41, 199
What are the prime factors of 17?
17
List the prime factors of 472.
2, 59
What are the prime factors of 10218?
2, 3, 13, 131
What are the prime factors of 13900?
2, 5, 139
What are the prime factors of 2745?
3, 5, 61
List the prime factors of 1679.
23, 73
What are the prime factors of 8483?
17, 499
What are the prime factors of 4721?
4721
List the prime factors of 5929.
7, 11
List the prime factors of 19536.
2, 3, 11, 37
What are the prime factors of 9316?
2, 17, 137
What are the prime factors of 4010?
2, 5, 401
What are the prime factors of 2159?
17, 127
What are the prime factors of 2131?
2131
List the prime factors of 25642.
2, 12821
List the prime factors of 37766.
2, 23, 821
List the prime factors of 1099.
7, 157
List the prime factors of 1079.
13, 83
What are the prime factors of 41319?
3, 4591
What are the prime factors of 271?
271
What are the prime factors of 65226?
2, 3, 7, 1553
What are the prime factors of 9821?
7, 23, 61
List the prime factors of 21562.
2, 10781
List the prime factors of 3604.
2, 17, 53
List the prime factors of 3010.
2, 5, 7, 43
List the prime factors of 1154.
2, 577
List the prime factors of 767.
13, 59
List the prime factors of 6316.
2, 1579
List the prime factors of 100122.
2, 3, 11, 37, 41
List the prime factors of 167.
167
What are the prime factors of 1520?
2, 5, 19
What are the prime factors of 437?
19, 23
What are the prime factors of 4275?
3, 5, 19
List the prime factors of 96.
2, 3
What are the prime factors of 53398?
2, 26699
List the prime factors of 2065.
5, 7, 59
What are the prime factors of 66867?
3, 31, 719
List the prime factors of 52890.
2, 3, 5, 41, 43
What are the prime factors of 52998?
2, 3, 11, 73
What are the prime factors of 21266?
2, 7, 31
What are the prime factors of 11111?
41, 271
List the prime factors of 4466.
2, 7, 11, 29
List the prime factors of 81857.
23, 3559
List the prime factors of 657.
3, 73
What are the prime factors of 1147?
31, 37
List the prime factors of 30182.
2, 15091
What are the prime factors of 156659?
156659
What are the prime factors of 1894?
2, 947
List the prime factors of 21935.
5, 41, 107
List the prime factors of 6225.
3, 5, 83
What are the prime factors of 8295?
3, 5, 7, 79
List the prime factors of 53772.
2, 3, 4481
What are the prime factors of 13463?
13463
List the prime factors of 17460.
2, 3, 5, 97
List the prime factors of 397.
397
What are the prime factors of 1363?
29, 47
List the prime factors of 93359.
7, 13337
List the prime factors of 239.
239
List the prime factors of 5789.
7, 827
What are the prime factors of 943?
23, 41
List the prime factors of 47577.
3, 15859
What are the prime factors of 57767?
61, 947
What are the prime factors of 10064?
2, 17, 37
What are the prime factors of 5660?
2, 5, 283
List the prime factors of 202.
2, 101
List the prime factors of 16107.
3, 7, 13, 59
List the prime factors of 14155.
5, 19, 149
List the prime factors of 24094.
2, 7, 1721
List the prime factors of 22207.
53, 419
What are the prime factors of 1454?
2, 727
What are the prime factors of 1618?
2, 809
List the prime factors of 138119.
59, 2341
What are the prime factors of 2764?
2, 691
List the prime factors of 1234.
2, 617
What are the prime factors of 6982?
2, 3491
What are the prime factors of 488?
2, 61
List the prime factors of 827.
827
What are the prime factors of 33667?
131, 257
What are the prime factors of 1285?
5, 257
What are the prime factors of 32950?
2, 5, 659
List the prime factors of 572.
2, 11, 13
What are the prime factors of 23034?
2, 3, 11, 349
What are the prime factors of 7272?
2, 3, 101
What are the prime factors of 412?
2, 103
What are the prime factors of 3228?
2, 3, 269
List the prime factors of 224.
2, 7
What are the prime factors of 5018?
2, 13, 193
List the prime factors of 45047.
107, 421
List the prime factors of 2974.
2, 1487
List the prime factors of 8819.
8819
What are the prime factors of 116862?
2, 3, 19477
What are the prime factors of 24068?
2, 11, 547
List the prime factors of 9971.
13, 59
List the prime factors of 588.
2, 3, 7
What are the prime factors of 1920?
2, 3, 5
What are the prime factors of 13700?
2, 5, 137
List the prime factors of 27397.
27397
What are the prime factors of 20988?
2, 3, 11, 53
What are the prime factors of 171?
3, 19
List the prime factors of 2079.
3, 7, 11
List the prime factors of 38703.
3, 7, 19, 97
What are the prime factors of 15351?
3, 7, 17, 43
List the prime factors of 779.
19, 41
What are the prime factors of 134251?
13, 23, 449
What are the prime factors of 857?
857
List the prime factors of 73952.
2, 2311
What are the prime factors of 49585?
5, 47, 211
What are the prime factors of 1879?
1879
What are the prime factors of 18300?
2, 3, 5, 61
What are the prime factors of 3471?
3, 13, 89
What are the prime factors of 404?
2, 101
List the prime factors of 56296.
2, 31, 227
List the prime factors of 16570.
2, 5, 1657
What are the prime factors of 39931?
73, 547
List the prime factors of 1052.
2, 263
List the prime factors of 10338.
2, 3, 1723
What are the prime factors of 25644?
2, 3, 2137
What are the prime factors of 1056?
2, 3, 11
What are the prime factors of 157435?
5, 23, 37
What are the prime factors of 5997?
3, 1999
What are the prime factors of 59246?
2, 11, 2693
What are the prime factors of 1680?
2, 3, 5, 7
List the prime factors of 1267.
7, 181
What are the prime factors of 4644?
2, 3, 43
List the prime factors of 6996.
2, 3, 11, 53
List the prime factors of 797.
797
What are the prime factors of 404?
2, 101
What are the prime factors of 57791?
57791
List the prime factors of 13191.
3, 4397
What are the prime factors of 2001?
3, 23, 29
List the prime factors of 5724.
2, 3, 53
What are the prime factors of 62?
2, 31
List the prime factors of 870.
2, 3, 5, 29
What are the prime factors of 1670?
2, 5, 167
What are the prime factors of 14149?
14149
List the prime factors of 1197.
3, 7, 19
What are the prime factors of 68947?
68947
List the prime factors of 5672.
2, 709
List the prime factors of 8375.
5, 67
What are the prime factors of 10481?
47, 223
List the prime factors of 26672.
2, 1667
What are the prime factors of 96237?
3, 17, 37
List the prime factors of 972.
2, 3
What are the prime factors of 6769?
7, 967
List the prime factors of 24563.
7, 11, 29
What are the prime factors of 19119?
3, 6373
List the prime factors of 785.
5, 157
What are the prime factors of 2322?
2, 3, 43
What are the prime factors of 35513?
17, 2089
List the prime factors of 1276.
2, 11, 29
What are the prime factors of 33279?
3, 11093
What are the prime factors of 251?
251
What are the prime factors of 7333?
7333
List the prime factors of 9660.
2, 3, 5, 7, 23
List the prime factors of 104922.
2, 3, 29, 67
What are the prime factors of 29505?
3, 5, 7, 281
What are the prime factors of 1169?
7, 167
What are the prime factors of 119?
7, 17
What are the prime factors of 73389?
3, 17, 1439
List the prime factors of 6554.
2, 29, 113
What are the prime factors of 200303?
29, 6907
What are the prime factors of 9314?
2, 4657
List the prime factors of 49087.
191, 257
List the prime factors of 1470.
2, 3, 5, 7
What are the prime factors of 7802?
2, 47, 83
What are the prime factors of 16278?
2, 3, 2713
What are the prime factors of 3823?
3823
List the prime factors of 457.
457
List the prime factors of 11976.
2, 3, 499
List the prime factors of 3975.
3, 5, 53
What are the prime factors of 15?
3, 5
List the prime factors of 4746.
2, 3, 7, 113
List the prime factors of 2989.
7, 61
What are the prime factors of 257?
257
List the prime factors of 9991.
97, 103
List the pr